{"id":13806,"date":"2021-04-12T11:02:29","date_gmt":"2021-04-12T09:02:29","guid":{"rendered":"https:\/\/woods.stage.grafi.se\/shop\/uncategorized\/ozonror-woods-airmaster-woz-4000\/"},"modified":"2021-06-07T09:56:01","modified_gmt":"2021-06-07T07:56:01","slug":"ozonror-woods-airmaster-woz-4000","status":"publish","type":"product","link":"https:\/\/woods.se\/en\/shop\/ozone-generator\/ozonror-woods-airmaster-woz-4000\/","title":{"rendered":"Ozonr\u00f6r Wood\u2019s Airmaster WOZ 4000"},"content":{"rendered":"<p>Ozonr\u00f6r till Wood\u2019s Airmaster WOZ 4000 (tidigare BLC 4000). Ozonr\u00f6ret \u00e4r en f\u00f6rslitningsdetalj och m\u00e5ste bytas med tiden.<br \/>\nVi rekommenderar byte en g\u00e5ng per \u00e5r.<\/p>\n<p>I samband med byte av ozonr\u00f6ret s\u00e5 b\u00f6r man reng\u00f6ra ozonaggregatet.<\/p>\n","protected":false},"excerpt":{"rendered":"<p>Ozonr\u00f6r till Wood\u2019s Airmaster WOZ 4000 (tidigare BLC 4000).<\/p>\n","protected":false},"featured_media":14866,"comment_status":"open","ping_status":"closed","template":"","meta":[],"_links":{"self":[{"href":"https:\/\/woods.se\/en\/wp-json\/wp\/v2\/product\/13806"}],"collection":[{"href":"https:\/\/woods.se\/en\/wp-json\/wp\/v2\/product"}],"about":[{"href":"https:\/\/woods.se\/en\/wp-json\/wp\/v2\/types\/product"}],"replies":[{"embeddable":true,"href":"https:\/\/woods.se\/en\/wp-json\/wp\/v2\/comments?post=13806"}],"wp:featuredmedia":[{"embeddable":true,"href":"https:\/\/woods.se\/en\/wp-json\/wp\/v2\/media\/14866"}],"wp:attachment":[{"href":"https:\/\/woods.se\/en\/wp-json\/wp\/v2\/media?parent=13806"}],"curies":[{"name":"wp","href":"https:\/\/api.w.org\/{rel}","templated":true}]}}